(j) = j**2 + 3*j - 12. Let x = -26 - -21. What is g(x)?
-2
Let i(u) = 2*u**2 + 14*u + 8. Let f be i(-6). Let s be -1 + (11 - (-1 + 2)). Let q = f + s. Let t(j) = j**3 - 5*j**2 - 2*j + 4. Calculate t(q).
-6
Let q(m) = 6*m**3 + 18*m**2 + 1. Let r(h) = 5*h**3 + 17*h**2 + 1. Let i(j) = -6*q(j) + 7*r(j). Calculate i(11).
1
Let a be 3/(-6)*(0 - 0). Suppose a = -5*w + 10*w - 15. Let d(r) = 2*r**3 + r**2 - 4 - r**w - 2*r**2 - 2*r. Give d(3).
8
Suppose 3*f - 6 = -0*f. Let s(b) = -b**2 - 5*b - 3. Let i be s(-1). Let v(h) = 2*h**f - i + 4*h**2 - 1 - 2*h - 5*h**2. What is v(4)?
6
Let h be (-3 + 0 + -3)*1. Let p be 3/h*2*-5. Suppose -p*b = -7*b - 16. Let s(z) = -z**2 - 8*z + 5. Determine s(b).
5
Let n(t) = 4*t**2 - 4*t + 4. Let h = 1 - -5. Suppose -f = -3*f - h. Let b(w) = 11*w**2 - 11*w + 13. Let l(z) = f*b(z) + 8*n(z). Determine l(0).
-7
Let v(t) = -t**3 - 11*t**2 - 27*t - 20. Let n be v(-8). Let m(p) be the second derivative of 13*p - 5/2*p**2 + 7/6*p**3 + 0 - 1/12*p**n. Give m(6).
1
Let l = 4 + -2. Let k(o) = -o**3 - 2*o**2 - 3*o - 4. Let z be k(-2). Let f(n) = -n**z - 6 + 9*n + 8*n**l + 4 - n**3. Calculate f(8).
6
Suppose 2*y = x - 12, -4*y + 3 = -4*x + 39. Let q(m) = 2*m**2 - 6*m - 1. What is q(x)?
35
Suppose -4*v - 2*p + 16 = 0, -4*p + 4 = -12. Suppose -4*u + 2*t = -v*t - 40, -3*t = -4*u + 36. Let i(j) = -j**2 + 5*j - 2. What is i(u)?
-8
Let a(y) be the first derivative of -1/24*y**4 + 1/3*y**3 + 0*y - 6 - 1/2*y**2. Let m(f) be the second derivative of a(f). Give m(-4).
6
Let h(p) = -2*p**2 - p - 10. Let c(m) = 3*m**2 + m + 10. Let l(d) = -3*c(d) - 4*h(d). Let u(i) be the first derivative of l(i). What is u(-5)?
11
Let z be ((-6)/4 + 1/2)/(-1). Let g(j) = -z + 8 - 8*j - 6. Determine g(-1).
9
Let j(o) = 3*o**2 - 4*o - 5. Let b(m) = -m**2 + m + 1. Let d(a) = 2*b(a) + j(a). Determine d(0).
-3
Let s(w) be the first derivative of 1/2*w**2 + 4 + 0*w. What is s(1)?
1
Let d be (23 - 17)/((-1)/2). Let i(v) = v**3 + 12*v**2 + 9. Determine i(d).
9
Let h(y) = y + 2. Let v(m) = -4*m - 7. Let o(t) = 7*h(t) + 2*v(t). Let n = -984 - -987. Give o(n).
-3
Let j(v) = -2*v + 28*v**2 + 27*v**2 + 1 - 55*v**2 - 15*v**3. Determine j(1).
-16
Let c(k) = 91*k**2 - 5 + 6*k - 184*k**2 + 94*k**2. Determine c(-7).
2
Let w(n) = -n**2 - 13*n - 3. Let q be (9 + 366)*(-1)/(-3). Let v = 112 - q. Determine w(v).
-3
Suppose 0 = 4*w + 3*t, -3*w = -w - 2*t. Suppose w = 5*n + 2*h + 8 - 28, -4*h = 2*n - 8. Let f(q) = -q**3 + 4*q**2 + 2*q + 5. What is f(n)?
13
Let x(h) = -h**3 + 7*h**2 - 6*h + 7. Let z(s) = s**3 - 14*s**2 - 9*s - 83. Let n be z(15). Calculate x(n).
-35
Let w = 22 + -7. Let r = w + -17. Let q(z) = -z**3 - 7*z**2 - 5*z - 6. Let h(u) = -3*u**3 - 15*u**2 - 9*u - 13. Let t(l) = r*h(l) + 5*q(l). Calculate t(6).
-10
Let q(h) be the second derivative of 11*h**5/20 + h**4/12 - 26*h. Let z be (0 - -5 - 2) + 8. Suppose -10 + 1 = c - 2*f, 3*c = 2*f - z. Calculate q(c).
-10
Let z(u) = -3*u - 3. Let v(y) = 31*y**3 + 2*y**2 - 1. Let r be v(1). Let t be (-6)/(-4)*r/12. Let k(n) = n + 1. Let b(p) = t*z(p) + 11*k(p). Calculate b(6).
-7
Let s = -9 + 12. Let h(l) = -3 + 0*l - l - s*l + l. Suppose -4*p = -3*x - 8, 2*p = -3*x - x - 18. What is h(x)?
9
Let z = -13 + 26. Suppose 0 = 2*f - 9 - z. Let g(y) = 3*y - f + y**3 + 1 - 2*y**2 + 10. What is g(2)?
6
Let t(s) = 5*s**2 - 9*s + 8. Let o(c) = 9*c**2 - 17*c + 15. Let f(v) = -4*o(v) + 7*t(v). Calculate f(4).
0
Let t(n) = 2*n**2 - 4*n + 1. Let f = -28 - -30. Suppose -g + 4*w = -21 - 2, -4*g + f*w + 22 = 0. What is t(g)?
7
Let z(l) = -5*l**3 - 25*l**2 + 5. Let a(t) = -2*t**3 - 11*t**2 + 2. Let i(c) = -7*a(c) + 3*z(c). Determine i(2).
1
Let p(k) = k + 5 + 6 + 0 + 2 - 7. What is p(-5)?
1
Let r(y) be the first derivative of -49 + 1/3*y**3 - 3*y + 2*y**2. Determine r(2).
9
Suppose 62*r - 46*r + 48 = 0. Let a(w) = -5*w**2 - 5*w - 2. What is a(r)?
-32
Suppose -2*r - 2*h + 26 = 0, -4*h - 5 + 68 = 5*r. Let v be 6/(-15)*(r + 16/4). Let c(n) = -1 - 2*n + 5*n + 6 + 4. What is c(v)?
-9
Let f(c) = c + 1. Let r be f(6). Let z(s) = -1674*s**2 + 1681*s**2 + s**3 - 7*s + r - s. Calculate z(-8).
7
Let h(c) = 1309 + 3*c - 1306 - c. Let s be 12/(-7) - 2/7. What is h(s)?
-1
Let v be 104/(-18) + (-2)/9. Let t(o) = -5*o - 21. Let d(f) = -f - 4. Let n(q) = -11*d(q) + 2*t(q). Calculate n(v).
-4
Let c(g) = -3*g - 1. Let n(j) = 10*j + 4. Let b(i) = 21*c(i) + 6*n(i). Suppose -r - 20 = -4*m - 9, -2*m = -2*r + 2. Give b(m).
-9
Let v(u) = 2*u**3 + 8*u**2 + 7*u - 1. Let i(s) = -3*s**3 - 9*s**2 - 9*s + 2. Let c(q) = -3*i(q) - 4*v(q). Determine c(5).
-7
Let w(i) be the third derivative of i**5/60 - 13*i**4/24 + i**3 - 5*i**2. Let h be w(13). Let b(f) = -f**2 + 7*f - 3. Calculate b(h).
3
Let o be (-2)/(((-1)/2)/(70/140)). Let h(d) be the first derivative of d**4/24 - 2*d**3/3 - d**2/2 + 2. Let n(p) be the second derivative of h(p). Give n(o).
-2
Let b(z) = z**3 + z**2 + 38. Let w be b(0). Suppose 0 = w*y - 37*y. Let h(i) = -i + 8. Calculate h(y).
8
Let y(r) = 3*r**2 - 2*r - 2. Let s be y(2). Let n(z) = 13*z**3 - z**2 + 6*z + 5. Let f(b) = -15*b**3 - 6*b - 5. Let c(q) = 6*f(q) + 7*n(q). Determine c(s).
5
Let x(k) = k**3 + 6*k**2 - 3*k + 7. Let a be x(-7). Let r = a + 24. Let i(h) = 0*h + r*h + 1 + h + h. What is i(-1)?
-4
Let g(l) = -5*l**3 - l**2 - 3*l - 1. Let c be ((-6)/33 - 0) + (-18)/22. Determine g(c).
6
Let y be 4/(-18) - (-4)/18. Suppose -7*r + 4*r = y. Let a(x) = -3*x**2 - 8*x**2 + 5*x**2 + 12 + x**3 + 5*x**2. What is a(r)?
12
Let g(c) be the first derivative of -2*c**3/3 + c**2/2 + 4. Determine g(-4).
-36
Let m(u) = -u - 1. Suppose -4*z = 5*r - 18, 0 = -4*r + 5*z - 2. Let q(y) = 3*y - 1. Let n be q(r). Calculate m(n).
-6
Let j be (-104)/(-28) - 4/(-14). Suppose 0 = j*m - 2*m - 6. Let r(p) = 4*p - 2 - 6*p**2 + m*p + p**3 + 0*p**3. Calculate r(5).
8
Suppose 202 = l + 211. Let y(n) = n + 2. What is y(l)?
-7
Suppose -5*v - 40 = -a - 0*a, 260 = 4*a + 5*v. Let y = -64 + a. Let d(o) = -15*o - 3. Let k(m) = -7*m - 2. Let f(x) = 4*d(x) - 9*k(x). Calculate f(y).
-6
Let v(u) be the first derivative of 2*u**2 + 5*u - 95. Suppose -g = 4*g + 20. What is v(g)?
-11
Let l(y) = y**2 + 6*y + 6. Suppose 55 = -5*k - 5*h, 3*k + 2*h + 0*h = -28. Give l(k).
6
Let r(l) be the third derivative of -l**5/30 - 5*l**4/12 - 3*l**3/2 - 143*l**2. Give r(-6).
-21
Suppose 0 = -3*h + 4*h - 3. Suppose 37 = 2*r + h*o, -2 = -2*o + 4. Suppose r - 42 = 4*z - 4*u, 5*z - u + 31 = 0. Let w(k) = k + 4. Calculate w(z).
-2
Let b(o) = -o**3 - 6*o**2 + o - 1. Let c be b(-6). Let m(y) = 1 - 2 - y**3 - 155*y + 48*y**2 + 73*y - 56*y**2 + 74*y. Determine m(c).
6
Let m(f) = f**2 - 16. Suppose 9*c + 41 + 4 = 0. Calculate m(c).
9
Let v(y) = -y - 3. Suppose -4*u + 9 = -u. Suppose 0 = -3*m + u*g + 18, g + g = -5*m + 16. Let i(a) = a**2 - 5*a - 1. Let n be i(m). Calculate v(n).
2
Let d(k) be the second derivative of -7*k**3/3 - k**2/2 - 3*k - 9. Determine d(1).
-15
Suppose -3*y - 11 = -4*v, y + 0*v + 3 = 2*v. Let a be ((-3)/6)/(1/(-6)). Let u(g) = 4*g**3 + 3*g**3 + 3 - 8*g**3 - a*g - 6*g**2. Give u(y).
-7
Let l be (1 + -2)/(1/(-5)). Let p(b) = -b**3 + 4*b**2 + 7*b - 12. Let y be p(l). Let d(c) = -c**2 - 2*c - 3. Determine d(y).
-3
Let c(j) be the third derivative of 0 + j**3 + 0*j - 11/120*j**5 + 1/24*j**4 + 2*j**2. Let k(z) be the first derivative of c(z). What is k(-1)?
12
Let l(v) = 9*v + 1. Let r(i) = 16*i + 1. Let c(s) = -11*l(s) + 6*r(s). Determine c(-4).
7
Let f(v) = -v**2 - 14*v - 6. Let o be (2*-1)/(7*2/98). What is f(o)?
-6
Suppose -3*q = -3 - 3. Suppose -q - 18 = 4*z. Let f(y) be the second derivative of -y**5/20 - y**4/3 + 5*y**3/6 - 3*y**2/2 + 128*y. Calculate f(z).
-3
Let y(x) = 41 - 6 + x - 44. Calculate y(13).
4
Let j(v) = v - 3. Suppose -13*n + 14*n = -4*a - 17, 5*n = 2*a + 3. Determine j(a).
-7
Let r(l) be the second derivative of -l**4/4 + 5*l**3/6 + 3*l**2/2 + 2*l + 47. What is r(3)?
-9
Let w(j) = 7*j - 12*j**2 - 12 - 2269*j**3 + 2268*j**3 + 3*j**2. Give w(-10).
18
Let v(n) = 4 - 2 - 7 + 8 + 4*n. Determine v(-6).
-21
Let u(w) be the first derivative of -w**6/120 - 2*w**5/15 - 7*w**4/24 + 7*w**3/6 - 19*w**2/2 - 32. Let q(t) be the second derivative of u(t). Calculate q(-6).
-23
Let i(q) = 2*q. Let h(r) = 2*r - 3. Let u be h(3). Suppose -u*f + 10 = -8. Suppose -f*c = 3*p - 2*c - 16, 0 = 2*p - 4*c - 4. Give i(p).